{"id":1279,"date":"2021-02-09T16:18:56","date_gmt":"2021-02-09T15:18:56","guid":{"rendered":"https:\/\/alain.favier.org\/?page_id=1279"},"modified":"2021-02-10T15:43:27","modified_gmt":"2021-02-10T14:43:27","slug":"essai","status":"publish","type":"page","link":"https:\/\/alain.favier.org\/index.php\/essai\/","title":{"rendered":"Mus\u00e9e Fischart"},"content":{"rendered":"\n<div class=\"wp-block-image is-style-default\"><figure class=\"aligncenter size-large\"><img loading=\"lazy\" decoding=\"async\" width=\"900\" height=\"398\" src=\"https:\/\/alain.favier.org\/wp-content\/uploads\/2021\/02\/fischart.jpg\" alt=\"\" class=\"wp-image-1211\" srcset=\"https:\/\/alain.favier.org\/wp-content\/uploads\/2021\/02\/fischart.jpg 900w, https:\/\/alain.favier.org\/wp-content\/uploads\/2021\/02\/fischart-300x133.jpg 300w, https:\/\/alain.favier.org\/wp-content\/uploads\/2021\/02\/fischart-768x340.jpg 768w\" sizes=\"auto, (max-width: 900px) 100vw, 900px\" \/><\/figure><\/div>\n\n\n\n<h4 class=\"wp-block-heading\">En mars 2020, durant la p\u00e9riodes de confinement, l&rsquo;artiste et son manager ont eu l&rsquo;id\u00e9e de cr\u00e9er un mus\u00e9e temporaire dans les anciens locaux des archives d\u00e9partementales. A cette occasion Elise F a pu pr\u00e9senter pour la premi\u00e8re fois une partie de son \u0153uvre.<\/h4>\n\n\n\n<div class=\"wp-block-columns is-layout-flex wp-container-core-columns-is-layout-9d6595d7 wp-block-columns-is-layout-flex\">\n<div class=\"wp-block-column is-layout-flow wp-block-column-is-layout-flow\" style=\"flex-basis:33.33%\">\n<figure class=\"wp-block-image size-large\"><img loading=\"lazy\" decoding=\"async\" width=\"800\" height=\"600\" src=\"https:\/\/alain.favier.org\/wp-content\/uploads\/2021\/02\/entree.jpg\" alt=\"\" class=\"wp-image-1315\" srcset=\"https:\/\/alain.favier.org\/wp-content\/uploads\/2021\/02\/entree.jpg 800w, https:\/\/alain.favier.org\/wp-content\/uploads\/2021\/02\/entree-300x225.jpg 300w, https:\/\/alain.favier.org\/wp-content\/uploads\/2021\/02\/entree-768x576.jpg 768w\" sizes=\"auto, (max-width: 800px) 100vw, 800px\" \/><\/figure>\n<\/div>\n\n\n\n<div class=\"wp-block-column is-layout-flow wp-block-column-is-layout-flow\" style=\"flex-basis:66.66%\">\n<h2 class=\"has-white-color has-text-color wp-block-heading\">ghh<\/h2>\n\n\n\n<h4 class=\"has-text-align-left wp-block-heading\">Entr\u00e9e du mus\u00e9e<\/h4>\n<\/div>\n<\/div>\n\n\n\n<div class=\"wp-block-columns is-layout-flex wp-container-core-columns-is-layout-9d6595d7 wp-block-columns-is-layout-flex\">\n<div class=\"wp-block-column is-layout-flow wp-block-column-is-layout-flow\" style=\"flex-basis:66.66%\">\n<h2 class=\"has-white-color has-text-color wp-block-heading\">vvvvbb<\/h2>\n\n\n\n<h4 class=\"has-text-align-right wp-block-heading\">Premi\u00e8re partie de l&rsquo;exposition<\/h4>\n<\/div>\n\n\n\n<div class=\"wp-block-column is-layout-flow wp-block-column-is-layout-flow\" style=\"flex-basis:33.33%\">\n<figure class=\"wp-block-image size-large\"><img loading=\"lazy\" decoding=\"async\" width=\"450\" height=\"600\" src=\"https:\/\/alain.favier.org\/wp-content\/uploads\/2021\/02\/placard.jpg\" alt=\"\" class=\"wp-image-1318\" srcset=\"https:\/\/alain.favier.org\/wp-content\/uploads\/2021\/02\/placard.jpg 450w, https:\/\/alain.favier.org\/wp-content\/uploads\/2021\/02\/placard-225x300.jpg 225w\" sizes=\"auto, (max-width: 450px) 100vw, 450px\" \/><\/figure>\n<\/div>\n<\/div>\n\n\n\n<div class=\"wp-block-columns is-layout-flex wp-container-core-columns-is-layout-9d6595d7 wp-block-columns-is-layout-flex\">\n<div class=\"wp-block-column is-layout-flow wp-block-column-is-layout-flow\" style=\"flex-basis:33.33%\">\n<figure class=\"wp-block-image size-large\"><img loading=\"lazy\" decoding=\"async\" width=\"450\" height=\"600\" src=\"https:\/\/alain.favier.org\/wp-content\/uploads\/2021\/02\/lit.jpg\" alt=\"\" class=\"wp-image-1317\" srcset=\"https:\/\/alain.favier.org\/wp-content\/uploads\/2021\/02\/lit.jpg 450w, https:\/\/alain.favier.org\/wp-content\/uploads\/2021\/02\/lit-225x300.jpg 225w\" sizes=\"auto, (max-width: 450px) 100vw, 450px\" \/><\/figure>\n<\/div>\n\n\n\n<div class=\"wp-block-column is-layout-flow wp-block-column-is-layout-flow\" style=\"flex-basis:66.66%\">\n<h2 class=\"has-white-color has-text-color wp-block-heading\">dgdd<\/h2>\n\n\n\n<h4 class=\"has-text-align-left wp-block-heading\">Deuxi\u00e8me partie de l&rsquo;exposition<\/h4>\n<\/div>\n<\/div>\n\n\n\n<div class=\"wp-block-columns is-layout-flex wp-container-core-columns-is-layout-9d6595d7 wp-block-columns-is-layout-flex\">\n<div class=\"wp-block-column is-layout-flow wp-block-column-is-layout-flow\" style=\"flex-basis:66.66%\">\n<h2 class=\"has-white-color has-text-color wp-block-heading\">fgsg<\/h2>\n\n\n\n<h4 class=\"has-text-align-right wp-block-heading\">Atelier de l&rsquo;artiste<\/h4>\n<\/div>\n\n\n\n<div class=\"wp-block-column is-layout-flow wp-block-column-is-layout-flow\" style=\"flex-basis:33.33%\">\n<figure class=\"wp-block-image size-large\"><img loading=\"lazy\" decoding=\"async\" width=\"800\" height=\"600\" src=\"https:\/\/alain.favier.org\/wp-content\/uploads\/2021\/02\/atelier.jpg\" alt=\"\" class=\"wp-image-1316\" srcset=\"https:\/\/alain.favier.org\/wp-content\/uploads\/2021\/02\/atelier.jpg 800w, https:\/\/alain.favier.org\/wp-content\/uploads\/2021\/02\/atelier-300x225.jpg 300w, https:\/\/alain.favier.org\/wp-content\/uploads\/2021\/02\/atelier-768x576.jpg 768w\" sizes=\"auto, (max-width: 800px) 100vw, 800px\" \/><\/figure>\n<\/div>\n<\/div>\n\n\n\n<div class=\"wp-block-columns is-layout-flex wp-container-core-columns-is-layout-9d6595d7 wp-block-columns-is-layout-flex\">\n<div class=\"wp-block-column is-layout-flow wp-block-column-is-layout-flow\" style=\"flex-basis:66.66%\">\n<figure class=\"wp-block-video\"><video height=\"720\" style=\"aspect-ratio: 1280 \/ 720;\" width=\"1280\" controls src=\"https:\/\/alain.favier.org\/wp-content\/uploads\/2021\/02\/dedicace.mp4\"><\/video><\/figure>\n<\/div>\n\n\n\n<div class=\"wp-block-column is-layout-flow wp-block-column-is-layout-flow\" style=\"flex-basis:33.33%\">\n<h2 class=\"has-white-color has-text-color wp-block-heading\">dfd<\/h2>\n\n\n\n<h4 class=\"has-text-align-left wp-block-heading\">D\u00e9monstration de l&rsquo;artiste<\/h4>\n<\/div>\n<\/div>\n","protected":false},"excerpt":{"rendered":"<p>En mars 2020, durant la p\u00e9riodes de confinement, l&rsquo;artiste et son manager ont eu l&rsquo;id\u00e9e de cr\u00e9er un mus\u00e9e temporaire dans les anciens locaux des archives d\u00e9partementales. A cette occasion Elise F a pu pr\u00e9senter pour la premi\u00e8re fois une &hellip; <a href=\"https:\/\/alain.favier.org\/index.php\/essai\/\">Lire la suite\u00ad\u00ad<\/a><\/p>\n","protected":false},"author":1,"featured_media":0,"parent":0,"menu_order":0,"comment_status":"closed","ping_status":"closed","template":"page-feature.php","meta":{"footnotes":""},"class_list":["post-1279","page","type-page","status-publish","hentry"],"_links":{"self":[{"href":"https:\/\/alain.favier.org\/index.php\/wp-json\/wp\/v2\/pages\/1279","targetHints":{"allow":["GET"]}}],"collection":[{"href":"https:\/\/alain.favier.org\/index.php\/wp-json\/wp\/v2\/pages"}],"about":[{"href":"https:\/\/alain.favier.org\/index.php\/wp-json\/wp\/v2\/types\/page"}],"author":[{"embeddable":true,"href":"https:\/\/alain.favier.org\/index.php\/wp-json\/wp\/v2\/users\/1"}],"replies":[{"embeddable":true,"href":"https:\/\/alain.favier.org\/index.php\/wp-json\/wp\/v2\/comments?post=1279"}],"version-history":[{"count":9,"href":"https:\/\/alain.favier.org\/index.php\/wp-json\/wp\/v2\/pages\/1279\/revisions"}],"predecessor-version":[{"id":1323,"href":"https:\/\/alain.favier.org\/index.php\/wp-json\/wp\/v2\/pages\/1279\/revisions\/1323"}],"wp:attachment":[{"href":"https:\/\/alain.favier.org\/index.php\/wp-json\/wp\/v2\/media?parent=1279"}],"curies":[{"name":"wp","href":"https:\/\/api.w.org\/{rel}","templated":true}]}}

Musée Fischart

<div class="wp-block-image is-style-default"><figure class="aligncenter size-large"><img loading="lazy" decoding="async" width="900" height="398" src="https://alain.favier.org/wp-content/uploads/2021/02/fischart.jpg" alt="" class="wp-image-1211" srcset="https://alain.favier.org/wp-content/uploads/2021/02/fischart.jpg 900w, https://alain.favier.org/wp-content/uploads/2021/02/fischart-300x133.jpg 300w, https://alain.favier.org/wp-content/uploads/2021/02/fischart-768x340.jpg 768w" sizes="auto, (max-width: 900px) 100vw, 900px" /></figure></div>



<h4 class="wp-block-heading">En mars 2020, durant la périodes de confinement, l&rsquo;artiste et son manager ont eu l&rsquo;idée de créer un musée temporaire dans les anciens locaux des archives départementales. A cette occasion Elise F a pu présenter pour la première fois une partie de son œuvre.</h4>



<div class="wp-block-columns is-layout-flex wp-container-core-columns-is-layout-9d6595d7 wp-block-columns-is-layout-flex">
<div class="wp-block-column is-layout-flow wp-block-column-is-layout-flow" style="flex-basis:33.33%">
<figure class="wp-block-image size-large"><img loading="lazy" decoding="async" width="800" height="600" src="https://alain.favier.org/wp-content/uploads/2021/02/entree.jpg" alt="" class="wp-image-1315" srcset="https://alain.favier.org/wp-content/uploads/2021/02/entree.jpg 800w, https://alain.favier.org/wp-content/uploads/2021/02/entree-300x225.jpg 300w, https://alain.favier.org/wp-content/uploads/2021/02/entree-768x576.jpg 768w" sizes="auto, (max-width: 800px) 100vw, 800px" /></figure>
</div>



<div class="wp-block-column is-layout-flow wp-block-column-is-layout-flow" style="flex-basis:66.66%">
<h2 class="has-white-color has-text-color wp-block-heading">ghh</h2>



<h4 class="has-text-align-left wp-block-heading">Entrée du musée</h4>
</div>
</div>



<div class="wp-block-columns is-layout-flex wp-container-core-columns-is-layout-9d6595d7 wp-block-columns-is-layout-flex">
<div class="wp-block-column is-layout-flow wp-block-column-is-layout-flow" style="flex-basis:66.66%">
<h2 class="has-white-color has-text-color wp-block-heading">vvvvbb</h2>



<h4 class="has-text-align-right wp-block-heading">Première partie de l&rsquo;exposition</h4>
</div>



<div class="wp-block-column is-layout-flow wp-block-column-is-layout-flow" style="flex-basis:33.33%">
<figure class="wp-block-image size-large"><img loading="lazy" decoding="async" width="450" height="600" src="https://alain.favier.org/wp-content/uploads/2021/02/placard.jpg" alt="" class="wp-image-1318" srcset="https://alain.favier.org/wp-content/uploads/2021/02/placard.jpg 450w, https://alain.favier.org/wp-content/uploads/2021/02/placard-225x300.jpg 225w" sizes="auto, (max-width: 450px) 100vw, 450px" /></figure>
</div>
</div>



<div class="wp-block-columns is-layout-flex wp-container-core-columns-is-layout-9d6595d7 wp-block-columns-is-layout-flex">
<div class="wp-block-column is-layout-flow wp-block-column-is-layout-flow" style="flex-basis:33.33%">
<figure class="wp-block-image size-large"><img loading="lazy" decoding="async" width="450" height="600" src="https://alain.favier.org/wp-content/uploads/2021/02/lit.jpg" alt="" class="wp-image-1317" srcset="https://alain.favier.org/wp-content/uploads/2021/02/lit.jpg 450w, https://alain.favier.org/wp-content/uploads/2021/02/lit-225x300.jpg 225w" sizes="auto, (max-width: 450px) 100vw, 450px" /></figure>
</div>



<div class="wp-block-column is-layout-flow wp-block-column-is-layout-flow" style="flex-basis:66.66%">
<h2 class="has-white-color has-text-color wp-block-heading">dgdd</h2>



<h4 class="has-text-align-left wp-block-heading">Deuxième partie de l&rsquo;exposition</h4>
</div>
</div>



<div class="wp-block-columns is-layout-flex wp-container-core-columns-is-layout-9d6595d7 wp-block-columns-is-layout-flex">
<div class="wp-block-column is-layout-flow wp-block-column-is-layout-flow" style="flex-basis:66.66%">
<h2 class="has-white-color has-text-color wp-block-heading">fgsg</h2>



<h4 class="has-text-align-right wp-block-heading">Atelier de l&rsquo;artiste</h4>
</div>



<div class="wp-block-column is-layout-flow wp-block-column-is-layout-flow" style="flex-basis:33.33%">
<figure class="wp-block-image size-large"><img loading="lazy" decoding="async" width="800" height="600" src="https://alain.favier.org/wp-content/uploads/2021/02/atelier.jpg" alt="" class="wp-image-1316" srcset="https://alain.favier.org/wp-content/uploads/2021/02/atelier.jpg 800w, https://alain.favier.org/wp-content/uploads/2021/02/atelier-300x225.jpg 300w, https://alain.favier.org/wp-content/uploads/2021/02/atelier-768x576.jpg 768w" sizes="auto, (max-width: 800px) 100vw, 800px" /></figure>
</div>
</div>



<div class="wp-block-columns is-layout-flex wp-container-core-columns-is-layout-9d6595d7 wp-block-columns-is-layout-flex">
<div class="wp-block-column is-layout-flow wp-block-column-is-layout-flow" style="flex-basis:66.66%">
<figure class="wp-block-video"><video height="720" style="aspect-ratio: 1280 / 720;" width="1280" controls src="https://alain.favier.org/wp-content/uploads/2021/02/dedicace.mp4"></video></figure>
</div>



<div class="wp-block-column is-layout-flow wp-block-column-is-layout-flow" style="flex-basis:33.33%">
<h2 class="has-white-color has-text-color wp-block-heading">dfd</h2>



<h4 class="has-text-align-left wp-block-heading">Démonstration de l&rsquo;artiste</h4>
</div>
</div>

<p>En mars 2020, durant la périodes de confinement, l&rsquo;artiste et son manager ont eu l&rsquo;idée de créer un musée temporaire dans les anciens locaux des archives départementales. A cette occasion Elise F a pu présenter pour la première fois une &hellip; <a href="https://alain.favier.org/index.php/essai/">Lire la suite­­</a></p>
