{"id":899,"date":"2021-02-02T12:05:43","date_gmt":"2021-02-02T11:05:43","guid":{"rendered":"https:\/\/alain.favier.org\/?page_id=899"},"modified":"2021-02-10T15:07:52","modified_gmt":"2021-02-10T14:07:52","slug":"899-2","status":"publish","type":"page","link":"https:\/\/alain.favier.org\/index.php\/899-2\/","title":{"rendered":"Collection 2019"},"content":{"rendered":"\n<h3 class=\"wp-block-heading\">D\u00e9fil\u00e9 de la collection Printemps-Et\u00e9 d\u2019\u00c9lise F<\/h3>\n\n\n\n<h4 class=\"wp-block-heading\">Un grand succ\u00e8s international dont voici la pr\u00e9sentation parisienne:<\/h4>\n\n\n\n<figure class=\"wp-block-video\"><video height=\"1080\" style=\"aspect-ratio: 1920 \/ 1080;\" width=\"1920\" controls src=\"https:\/\/alain.favier.org\/wp-content\/uploads\/2021\/02\/defile-site.mp4\"><\/video><figcaption><strong><span class=\"has-inline-color has-virtue-primary-light-color\">Collection printemps -\u00e9t\u00e9- 2019<\/span><\/strong><\/figcaption><\/figure>\n\n\n\n<h2 class=\"wp-block-heading\"><\/h2>\n\n\n\n<p><\/p>\n","protected":false},"excerpt":{"rendered":"<p>D\u00e9fil\u00e9 de la collection Printemps-Et\u00e9 d\u2019\u00c9lise F Un grand succ\u00e8s international dont voici la pr\u00e9sentation parisienne:<\/p>\n","protected":false},"author":1,"featured_media":0,"parent":0,"menu_order":0,"comment_status":"closed","ping_status":"closed","template":"page-fullwidth.php","meta":{"footnotes":""},"class_list":["post-899","page","type-page","status-publish","hentry"],"_links":{"self":[{"href":"https:\/\/alain.favier.org\/index.php\/wp-json\/wp\/v2\/pages\/899","targetHints":{"allow":["GET"]}}],"collection":[{"href":"https:\/\/alain.favier.org\/index.php\/wp-json\/wp\/v2\/pages"}],"about":[{"href":"https:\/\/alain.favier.org\/index.php\/wp-json\/wp\/v2\/types\/page"}],"author":[{"embeddable":true,"href":"https:\/\/alain.favier.org\/index.php\/wp-json\/wp\/v2\/users\/1"}],"replies":[{"embeddable":true,"href":"https:\/\/alain.favier.org\/index.php\/wp-json\/wp\/v2\/comments?post=899"}],"version-history":[{"count":9,"href":"https:\/\/alain.favier.org\/index.php\/wp-json\/wp\/v2\/pages\/899\/revisions"}],"predecessor-version":[{"id":1305,"href":"https:\/\/alain.favier.org\/index.php\/wp-json\/wp\/v2\/pages\/899\/revisions\/1305"}],"wp:attachment":[{"href":"https:\/\/alain.favier.org\/index.php\/wp-json\/wp\/v2\/media?parent=899"}],"curies":[{"name":"wp","href":"https:\/\/api.w.org\/{rel}","templated":true}]}}